{"id":320,"date":"2021-03-07T15:33:04","date_gmt":"2021-03-07T12:33:04","guid":{"rendered":"http:\/\/sonbuzulerimeden.boun.edu.tr\/?page_id=320"},"modified":"2024-09-29T22:12:43","modified_gmt":"2024-09-29T19:12:43","slug":"basilmis-kitap-bolumleri","status":"publish","type":"page","link":"https:\/\/sonbuzulerimeden.org\/basilmis-kitap-bolumleri\/","title":{"rendered":"Bas\u0131lm\u0131\u015f kitap b\u00f6l\u00fcmleri"},"content":{"rendered":"\n<figure class=\"wp-block-image size-full is-resized\"><img loading=\"lazy\" decoding=\"async\" width=\"300\" height=\"431\" src=\"https:\/\/sonbuzulerimeden.org\/wp-content\/uploads\/2024\/09\/biodegradeablewastemanagement.jpg\" alt=\"\" class=\"wp-image-674\" style=\"width:202px;height:304px\" srcset=\"https:\/\/sonbuzulerimeden.org\/wp-content\/uploads\/2024\/09\/biodegradeablewastemanagement.jpg 300w, https:\/\/sonbuzulerimeden.org\/wp-content\/uploads\/2024\/09\/biodegradeablewastemanagement-209x300.jpg 209w\" sizes=\"(max-width: 300px) 100vw, 300px\" \/><\/figure>\n\n\n\n<p><br>\u201c<a href=\"https:\/\/doi.org\/10.1002\/9781119679523.ch1\">Circular Bioeconomy and Sustainability<\/a>\u201d, I. Aksan Kurnaz, E. Damla Arisan, and M. Levent Kurnaz, Biodegradable Waste Management in the Circular Economy: Challenges and Opportunities, Wiley Publishing (2022).<br>ISBN: 978-1-119-67984-4<\/p>\n\n\n\n<hr class=\"wp-block-separator has-css-opacity is-style-wide\"\/>\n\n\n\n<figure class=\"wp-block-image size-full is-resized\"><img loading=\"lazy\" decoding=\"async\" width=\"387\" height=\"576\" src=\"https:\/\/sonbuzulerimeden.org\/wp-content\/uploads\/2024\/09\/afetlerleyoksullasma-1.png\" alt=\"\" class=\"wp-image-667\" style=\"width:202px;height:304px\" srcset=\"https:\/\/sonbuzulerimeden.org\/wp-content\/uploads\/2024\/09\/afetlerleyoksullasma-1.png 387w, https:\/\/sonbuzulerimeden.org\/wp-content\/uploads\/2024\/09\/afetlerleyoksullasma-1-202x300.png 202w\" sizes=\"(max-width: 387px) 100vw, 387px\" \/><\/figure>\n\n\n\n<p>\u201cSalg\u0131n D\u00f6neminden \u0130klim De\u011fi\u015fikli\u011fi M\u00fccadelesine \u0130li\u015fkin Al\u0131nabilecek ve -Asla- Al\u0131namayacak Dersler\u201d, M. Levent Kurnaz, Afetlerle Yoksulla\u015fma, \u0130stanbul Bilgi \u00dcniversitesi Yay\u0131nlar\u0131 (2021). ISBN 975-605-399-576-0<\/p>\n\n\n\n<hr class=\"wp-block-separator has-css-opacity is-style-wide\"\/>\n\n\n\n<figure class=\"wp-block-image size-full is-resized\"><img loading=\"lazy\" decoding=\"async\" width=\"400\" height=\"602\" src=\"https:\/\/sonbuzulerimeden.org\/wp-content\/uploads\/2024\/09\/waterresourcesofturkey.jpeg\" alt=\"\" class=\"wp-image-678\" style=\"width:202px;height:304px\" srcset=\"https:\/\/sonbuzulerimeden.org\/wp-content\/uploads\/2024\/09\/waterresourcesofturkey.jpeg 400w, https:\/\/sonbuzulerimeden.org\/wp-content\/uploads\/2024\/09\/waterresourcesofturkey-199x300.jpeg 199w\" sizes=\"(max-width: 400px) 100vw, 400px\" \/><\/figure>\n\n\n\n<p><a rel=\"noreferrer noopener\" href=\"https:\/\/link.springer.com\/chapter\/10.1007\/978-3-030-11729-0_14\" target=\"_blank\">\u201cImpacts of Climate Change on Precipitation Climatology and Variability in Turkey\u201d<\/a>, M. Turkes, M. T. Turp, N. An, T. Ozturk, and M. L. Kurnaz, Water Resources of Turkey, Springer International Publishing, Switzerland (2020).<\/p>\n\n\n\n<hr class=\"wp-block-separator has-css-opacity is-style-wide\"\/>\n\n\n\n<figure class=\"wp-block-image size-full is-resized\"><img loading=\"lazy\" decoding=\"async\" width=\"240\" height=\"353\" src=\"https:\/\/sonbuzulerimeden.org\/wp-content\/uploads\/2024\/09\/saglikbilimlerindeyapayzeka.jpg\" alt=\"\" class=\"wp-image-675\" style=\"width:216px;height:309px\" srcset=\"https:\/\/sonbuzulerimeden.org\/wp-content\/uploads\/2024\/09\/saglikbilimlerindeyapayzeka.jpg 240w, https:\/\/sonbuzulerimeden.org\/wp-content\/uploads\/2024\/09\/saglikbilimlerindeyapayzeka-204x300.jpg 204w\" sizes=\"(max-width: 240px) 100vw, 240px\" \/><\/figure>\n\n\n\n<p>\u201cYapay Zeka ve \u00c7evre\u201d, M. L. Kurnaz, Sa\u011fl\u0131k Bilimlerinde Yapay Zeka , M. Bulut, N. Dilmen, G. B. Esmer, \u00c7. Sel\u00e7ukcan Erol, and L. T\u00fcrker \u015eener eds. \u00c7aglayan (2019). ISBN 978-975-436-167-4<\/p>\n\n\n\n<hr class=\"wp-block-separator has-css-opacity is-style-wide\"\/>\n\n\n\n<figure class=\"wp-block-image size-full is-resized\"><img loading=\"lazy\" decoding=\"async\" width=\"665\" height=\"945\" src=\"https:\/\/sonbuzulerimeden.org\/wp-content\/uploads\/2024\/09\/turquoisecoast.jpg\" alt=\"\" class=\"wp-image-680\" style=\"width:216px;height:309px\" srcset=\"https:\/\/sonbuzulerimeden.org\/wp-content\/uploads\/2024\/09\/turquoisecoast.jpg 665w, https:\/\/sonbuzulerimeden.org\/wp-content\/uploads\/2024\/09\/turquoisecoast-211x300.jpg 211w\" sizes=\"(max-width: 665px) 100vw, 665px\" \/><\/figure>\n\n\n\n<p><a rel=\"noreferrer noopener\" href=\"https:\/\/www.cabi.org\/bookshop\/book\/9781780648439\/\" target=\"_blank\">\u201cImpacts of Climate Change on the Turquoise Coast<\/a>\u201d, O. C. Demiroglu, A. Akbas, M. T. Turp, T. Ozturk, N. An, and M. L. Kurnaz, Global Climate Change and Coastal Tourism: Recognizing Problems, Meeting Expectations &amp; Managing Solutions, Centre for Agriculture and Biosciences International (CABI) (2017).<\/p>\n\n\n\n<hr class=\"wp-block-separator has-css-opacity is-style-wide\"\/>\n\n\n\n<figure class=\"wp-block-image size-large is-resized\"><img loading=\"lazy\" decoding=\"async\" width=\"680\" height=\"1024\" src=\"https:\/\/sonbuzulerimeden.org\/wp-content\/uploads\/2024\/09\/bulgariaskiresorts-680x1024.jpeg\" alt=\"\" class=\"wp-image-682\" style=\"width:211px;height:329px\" srcset=\"https:\/\/sonbuzulerimeden.org\/wp-content\/uploads\/2024\/09\/bulgariaskiresorts-680x1024.jpeg 680w, https:\/\/sonbuzulerimeden.org\/wp-content\/uploads\/2024\/09\/bulgariaskiresorts-199x300.jpeg 199w, https:\/\/sonbuzulerimeden.org\/wp-content\/uploads\/2024\/09\/bulgariaskiresorts-768x1156.jpeg 768w, https:\/\/sonbuzulerimeden.org\/wp-content\/uploads\/2024\/09\/bulgariaskiresorts.jpeg 827w\" sizes=\"(max-width: 680px) 100vw, 680px\" \/><\/figure>\n\n\n\n<p><a rel=\"noreferrer noopener\" href=\"https:\/\/link.springer.com\/chapter\/10.1007\/978-3-319-27905-3_6\" target=\"_blank\">\u201cTechnical Climate Change Adaptation Options of the Major Ski Resorts in Bulgaria\u201d<\/a>, O. C. Demiroglu, M. T. Turp, T. Ozturk and M. L. Kurnaz, Challenges and Perspectives in Southeastern Europe, Springer (2016).<\/p>\n\n\n\n<hr class=\"wp-block-separator has-css-opacity is-style-wide\"\/>\n\n\n\n<figure class=\"wp-block-image size-large is-resized\"><img loading=\"lazy\" decoding=\"async\" width=\"680\" height=\"1024\" src=\"https:\/\/sonbuzulerimeden.org\/wp-content\/uploads\/2024\/09\/centralasiabookchapter-680x1024.jpeg\" alt=\"\" class=\"wp-image-684\" style=\"width:211px;height:318px\" srcset=\"https:\/\/sonbuzulerimeden.org\/wp-content\/uploads\/2024\/09\/centralasiabookchapter-680x1024.jpeg 680w, https:\/\/sonbuzulerimeden.org\/wp-content\/uploads\/2024\/09\/centralasiabookchapter-199x300.jpeg 199w, https:\/\/sonbuzulerimeden.org\/wp-content\/uploads\/2024\/09\/centralasiabookchapter-768x1157.jpeg 768w, https:\/\/sonbuzulerimeden.org\/wp-content\/uploads\/2024\/09\/centralasiabookchapter.jpeg 827w\" sizes=\"(max-width: 680px) 100vw, 680px\" \/><\/figure>\n\n\n\n<p><a href=\"https:\/\/link.springer.com\/chapter\/10.1007\/978-3-642-29172-2_51\" target=\"_blank\" rel=\"noreferrer noopener\">\u201cSimulating the climatology of extreme events for the Central Asia domain using the RegCM 4.0 regional climate model \u201d<\/a>, H. Altinsoy, T. Ozturk, M. Turkes and M. L. Kurnaz, Advances in Meteorology, Climatology and Atmospheric Physics, Springer Atmospheric Sciences, 365-370, (2013).<\/p>\n","protected":false},"excerpt":{"rendered":"<p>\u201cCircular Bioeconomy and Sustainability\u201d, I. Aksan Kurnaz, E. Damla Arisan, and M. Levent Kurnaz, Biodegradable Waste Management in the Circular Economy: Challenges and Opportunities, Wiley Publishing (2022).ISBN: 978-1-119-67984-4 \u201cSalg\u0131n D\u00f6neminden \u0130klim De\u011fi\u015fikli\u011fi M\u00fccadelesine \u0130li\u015fkin Al\u0131nabilecek ve -Asla- Al\u0131namayacak Dersler\u201d, M. Levent Kurnaz, Afetlerle Yoksulla\u015fma, \u0130stanbul Bilgi \u00dcniversitesi Yay\u0131nlar\u0131 (2021). ISBN 975-605-399-576-0 \u201cImpacts of Climate Change &hellip; <\/p>\n<p class=\"link-more\"><a href=\"https:\/\/sonbuzulerimeden.org\/basilmis-kitap-bolumleri\/\" class=\"more-link\">Continue reading<span class=\"screen-reader-text\"> &#8220;Bas\u0131lm\u0131\u015f kitap b\u00f6l\u00fcmleri&#8221;<\/span><\/a><\/p>\n","protected":false},"author":1,"featured_media":0,"parent":0,"menu_order":0,"comment_status":"closed","ping_status":"closed","template":"","meta":{"footnotes":""},"class_list":["post-320","page","type-page","status-publish","hentry"],"_links":{"self":[{"href":"https:\/\/sonbuzulerimeden.org\/wp-json\/wp\/v2\/pages\/320"}],"collection":[{"href":"https:\/\/sonbuzulerimeden.org\/wp-json\/wp\/v2\/pages"}],"about":[{"href":"https:\/\/sonbuzulerimeden.org\/wp-json\/wp\/v2\/types\/page"}],"author":[{"embeddable":true,"href":"https:\/\/sonbuzulerimeden.org\/wp-json\/wp\/v2\/users\/1"}],"replies":[{"embeddable":true,"href":"https:\/\/sonbuzulerimeden.org\/wp-json\/wp\/v2\/comments?post=320"}],"version-history":[{"count":11,"href":"https:\/\/sonbuzulerimeden.org\/wp-json\/wp\/v2\/pages\/320\/revisions"}],"predecessor-version":[{"id":685,"href":"https:\/\/sonbuzulerimeden.org\/wp-json\/wp\/v2\/pages\/320\/revisions\/685"}],"wp:attachment":[{"href":"https:\/\/sonbuzulerimeden.org\/wp-json\/wp\/v2\/media?parent=320"}],"curies":[{"name":"wp","href":"https:\/\/api.w.org\/{rel}","templated":true}]}}